 - 6*s**2. Let w be ((-2)/1)/(6/21). List the prime factors of z(w).
2, 3
Let v = 32 - 23. Let t(s) be the third derivative of s**5/60 - s**4/3 + 7*s**3/6 + 7*s**2. What are the prime factors of t(v)?
2
Let f(v) = v**2 + 11*v - 7. Let q be f(-11). Let d = -3 - q. What are the prime factors of 6/d*(-84)/(-9)?
2, 7
Suppose -3*k + 48 = u + 12, -k = 4*u - 100. Suppose -3*l = -l - u. List the prime factors of (l/(-10))/((-2)/15).
3
Let s(f) = -3*f + 2. Let l be s(-4). Suppose 35 = 5*j - p, -j = -5*p + l + 3. Let t = j + -4. What are the prime factors of t?
2
Suppose -g - 20 = -5*g. List the prime factors of g.
5
Suppose -4*y + 0*y = 4*d + 36, 4*d = -2*y - 16. Let s(k) = 4*k + 5. Let l be s(-6). Let r = y - l. List the prime factors of r.
3
Suppose -2*j = 0, -2*p + 38 = j + 2*j. What are the prime factors of p?
19
Suppose 5*v - 103 + 3 = 0. What are the prime factors of v?
2, 5
Let w(n) be the second derivative of -n**4/12 - 5*n**3/2 - n**2 + 3*n. What are the prime factors of w(-14)?
2, 3
Let q(l) = -l**3 - 5*l**2 - l. Let x be q(-4). Let z(j) = j**2 + 13*j + 14. List the prime factors of z(x).
2
Let f(y) = y + 9. Let c be f(-4). Let r(z) = 2*z**2 - 7*z + 4. Let u be r(c). Let k = u - 7. List the prime factors of k.
2, 3
Let k = 51 + -13. List the prime factors of k.
2, 19
Suppose h = -2*t - 16, 0*t + 2*h + 14 = -t. Let i(a) = a**3 - 7*a**2 + 9*a - 7. Let y be i(6). Let b = y + t. What are the prime factors of b?
5
Suppose -h + 2*o - 5*o = -16, -15 = -3*o. List the prime factors of (-2)/(4/(-10))*h.
5
Suppose 0 = -4*m + 5*c + 181, 0*m - 3*c - 93 = -2*m. What are the prime factors of m?
3, 13
Let k(q) = -q**3 + 6*q**2 - q - 4. Let l be k(6). Let t be 6/(-15) + (-74)/l. Let v = 9 - t. List the prime factors of v.
2
Suppose -4*c = 2*c - 522. What are the prime factors of c?
3, 29
Suppose l + 0*a - 7 = -5*a, -4*l = 2*a - 100. List the prime factors of l.
3
Let p = -8 + 3. Let g be (-5)/(50/(-52))*p. Let n = -14 - g. List the prime factors of n.
2, 3
Let p(k) be the second derivative of -k**3/6 + 3*k**2/2 - 6*k. Let u(s) = -s**2 - s - 3. Let r be u(0). List the prime factors of p(r).
2, 3
Suppose r = 2*r - 4. Suppose 0 = i - 0 - r. Suppose -i*x - 3*w + 32 = 0, -5*x = -0*w + 2*w - 47. What are the prime factors of x?
11
Let n(w) = -w**2 + 8*w - 4. Let a be n(7). Suppose -o + 29 - 214 = -4*j, 2*j - 75 = -a*o. Suppose -2*s + 27 = s - p, 5*s + p = j. List the prime factors of s.
3
Suppose -10 = -3*d - 2*d. Suppose -n - h = -0*n, n - d*h = 0. Suppose i + 38 = 2*z, -2*z - 3*i + 7*i + 50 = n. List the prime factors of z.
17
Let b be 8/(-10)*20/(-8). Suppose 7 = b*c - 25. What are the prime factors of c?
2
Suppose -2*i + 4 = m, -2*m = 5*i - 6*m - 23. Suppose a + i = 11. What are the prime factors of a?
2
Let k(d) be the first derivative of d**2/2 + d + 1. List the prime factors of k(5).
2, 3
Let v(i) = i**2 + i. List the prime factors of v(5).
2, 3, 5
Suppose 2*f + 276 = 3*a, 262 = 4*f + a + 814. What are the prime factors of 2/(-3) - f/18?
7
Suppose 3*u = 4*x + 111, -2*u = 2*x + 3*u + 75. Let t = x - -42. Suppose 2*g - 26 = 3*z, 3*g - 2*z = t + 32. List the prime factors of g.
2
Let x(r) = -r - 1. Let w be x(-8). Let d = w - 4. List the prime factors of d.
3
Suppose 0*k + 4*n - 28 = -k, n = -2*k + 49. Suppose -2*r + 2*x + k = r, 5*r - x = 40. List the prime factors of r.
2
Let b(v) = -v**3 - 3*v**2 - v. Let j be b(-1). Suppose 3*f - 5*g + 14 = 0, -4*g = -4*f - 10 + 2. List the prime factors of f - (1 + -1)/j.
2
Let p(o) = -o**3 + 3*o**2 + 4*o + 5. Let l be p(4). Suppose 0 = n - 2*q - 25, 0 = -0*n + 2*n - l*q - 55. What are the prime factors of n?
3, 5
Let k be (0 - 2/2)/1. Let g(x) = -x - 3. Let a be g(-8). Let t = a + k. What are the prime factors of t?
2
Let s(a) = a**2 - 3*a + 14. List the prime factors of s(8).
2, 3
Suppose -9*u + 6*u + 147 = 0. List the prime factors of u.
7
Let u(i) = -i**2 - i - 29. Let v be u(0). Let g = 47 + v. What are the prime factors of g?
2, 3
Let r(f) = 1 + 2*f + 8*f - 2*f + 0. Let g be r(1). Suppose -5*p = 5*z - 15, g = 2*z + z - 4*p. What are the prime factors of z?
3
Let x(i) = i - 4. List the prime factors of x(6).
2
Let u = 0 + 3. Let r be (2 + u - 2) + 2. Let m = r - -2. What are the prime factors of m?
7
Let j(l) = -3*l - 15. List the prime factors of j(-13).
2, 3
Suppose -119 = -2*j + 31. Let f = -54 + j. List the prime factors of f.
3, 7
Let o = 160 - 11. List the prime factors of o.
149
Let x(g) = 5*g + 77. What are the prime factors of x(24)?
197
Let q(h) = -h**3 + 3*h**2 + h - 2. Let l be q(3). Let u(w) = 2 - 2 + 2*w - l + 4*w**2. What are the prime factors of u(-2)?
11
Suppose b + 3 - 1 = -a, 0 = 3*b - a - 10. What are the prime factors of (6/(-5))/(b/(-5))?
3
Let h be (-5)/(-3) + (-12)/(-36). Let d be ((-4)/(-10))/(4/(-20)). What are the prime factors of 4/d - h*-11?
2, 5
Let r(q) = q + 3. Let k be r(10). Suppose -5*z + k = -3*t, -3*z + 4*t = -4*z - 2. List the prime factors of z.
2
Let m(x) be the first derivative of x**2 + 2*x - 2. What are the prime factors of m(2)?
2, 3
Suppose -19*q + 20*q - 2 = 0. Suppose -b + 5*k + 16 = -19, k = q*b - 34. List the prime factors of b.
3, 5
Let i(n) = n + 1. Let t(m) = m**2 + m - 2. Let r(a) = -3*i(a) - t(a). Let s be r(-3). Suppose l - s - 4 = 0. What are the prime factors of l?
2, 3
What are the prime factors of 5 - -193 - -6 - (-2 - 1)?
3, 23
Suppose 0 = 10*z - 14*z + 332. What are the prime factors of z?
83
Suppose 5*i = m + 4 + 48, 2*i = -5*m + 37. Suppose 32 = i*b - 10*b. List the prime factors of b.
2
Let p(m) = -2*m**2 - 19*m + 15. What are the prime factors of p(-9)?
2, 3
Let u = 17 - 11. Let s(r) = -r**3 + 7*r**2 + 2*r - 4. What are the prime factors of s(u)?
2, 11
Let c(w) = -3*w + 6. Let m be c(4). Let y be 2/m + 30/9. Suppose -4*s = 4*j - 44, j + 4*j + y*s = 57. What are the prime factors of j?
2, 3
Let s = 28 + -18. List the prime factors of s.
2, 5
Let v(l) = l**3 + 4*l**2 - l + 3. Let u(x) = x**3 + 4*x**2 + 5*x + 2. Let c be u(-3). List the prime factors of v(c).
7
List the prime factors of 69/(-2)*4*(-2)/4.
3, 23
List the prime factors of (369/6)/((-9)/(-24)) - -2.
2, 83
Let h be -2 - (-2 - 4)*1. Suppose -4*o - 3*g + 5 = 0, h*g - 13 = -0*o + o. List the prime factors of (-50)/(-6) - o/(-3).
2
Suppose 5*m = -0*m + 4*r - 6, 2*m + r = 8. Suppose -3*a - a - 2*u + 46 = 0, -2*a + 4*u = m. List the prime factors of a.
3
Suppose 5*i = 2 + 3. Let s be 1/i*(-3 - -5). Suppose -3*g + r + 14 = 0, 0 = g - s*r - 3. List the prime factors of g.
5
Let v be 55/2 + (-6)/12. Suppose 0 = 3*m - 12 - v. What are the prime factors of m?
13
Suppose 542 = 8*v - 6*v. What are the prime factors of v?
271
Let z = -1 - -7. Suppose 5*g = 41 - z. List the prime factors of g.
7
Suppose 0 = v + 123 - 432. Let r = -121 + v. List the prime factors of r/36 + 4/(-18).
5
Let r be (-11)/(-5) - (-9)/(-45). Let l = r + 6. What are the prime factors of l?
2
Suppose -3*i + 11*i = 2648. What are the prime factors of i?
331
What are the prime factors of 40 + -1*(-4)/(-4)?
3, 13
Let d(t) = -2 + 2*t + 4 - 3*t + 0. Let z be d(5). Let u = 3 - z. What are the prime factors of u?
2, 3
Suppose -h = 2*s + 3, 14 = -h + 5*h - 5*s. Let z(c) = -2*c**2. Let y be z(h). What are the prime factors of (y - -2*2)*5?
2, 5
Let g(r) = -2*r + r**3 + 10*r**2 - 1 + 4*r + 6*r. Let o be g(-9). Suppose j = 3*j - o. List the prime factors of j.
2
Let j be (6/4)/((-6)/(-8)). Let n(g) = 5*g**2 + 3*g - 2. List the prime factors of n(j).
2, 3
Let w(l) = -l**3 - l. Let c(v) = v**3 + 5*v - 1. Let i(a) = -c(a) - 4*w(a). Let h(g) be the first derivative of i(g). List the prime factors of h(-1).
2
Let j = 2 + 2. Let f(q) = -q**3 + 4*q**2 - 5*q + 3. Let n(l) = -l**3 + 4*l**2 - 6*l + 2. Let h(u) = -4*f(u) + 3*n(u). What are the prime factors of h(j)?
2
Let c(j) = 4*j**3 - 11*j**2 - 3*j + 9. Let a(z) = -3*z**3 + 10*z**2 + 3*z - 10. Let s(t) = 3*a(t) + 2*c(t). List the prime factors of s(8).
2, 3
Suppose -2*s + 68 = -40. What are the prime factors of s?
2, 3
Suppose -7 = 2*k + 5*m, 0*m - 3*m = -2*k + 17. Let i(z) = -z**2 + 6*z. List the prime factors of i(k).
2
Suppose 0 = -3*l + 2*x + 473 + 162, -1053 = -5*l + 2*x. List the prime factors of l.
11, 19
List the prime factors of (-2 + (-2 - -2))/(7/(-42)).
2, 3
Suppose -2*o = 3*s - 0*s - 166,